*o + 300, -2*o + 113 = a*d - 71. What is the tens digit of d?
5
Let o be (275/22)/(5/12). Let a(x) = x**2 - 19*x + 123. What is the hundreds digit of a(o)?
4
Suppose 183 + 237 = -5*i. Let r = -3322 - -3168. Let j = i - r. What is the tens digit of j?
7
Let s = -26 + 30. Suppose -r + h = -5*r - 10, -5*r - s*h - 7 = 0. Let a = -2 - r. What is the units digit of a?
1
Suppose 0 = -12*n + 7*n + 45. Suppose d - 7 = -4*i, 3 = -i + 4*d - n*d. Suppose 3*v = i*v + 41. What is the units digit of v?
1
Let y = -4915 + 10523. What is the tens digit of y?
0
Suppose -326016 - 488830 = -14*v - 112130. What is the units digit of v?
4
Suppose 2*v + 7 + 29 = 0. Let f(r) = -r**3 - 18*r**2 + r. Let u be f(v). Let b = 282 + u. What is the hundreds digit of b?
2
Let c(p) = p**3 + 33*p**2 - 18*p - 7. Let m be c(-33). Let v = -503 + m. What is the units digit of v?
4
What is the units digit of (852/213)/(8/8298)?
9
Suppose 8*i - 5*k = 12*i - 129269, -5*i - 5*k + 161585 = 0. What is the units digit of i?
6
Suppose -x + 70*f = 69*f - 31878, 5*f = 9*x - 286898. What is the tens digit of x?
7
Let p(j) = -4*j + 28. Let a be p(6). Suppose 308 = 3*f - 2*m + a*m, -3*m - 422 = -4*f. What is the units digit of f?
4
Let j = -5470 - -8945. What is the hundreds digit of j?
4
Suppose 7*z = -3*z. Suppose -3*b - 4 + 13 = z. Suppose p - 195 = -4*i, 0 = -b*i + 3*p + 18 + 117. What is the units digit of i?
8
Suppose 0 = 20*u - 11*u - 45. Suppose 0*n = -4*n + p + 6458, 2*n - u*p - 3238 = 0. What is the units digit of n?
4
Let n(i) = 2*i + 29. Let h be n(-13). Let g be (2/(-8)*0)/h. Suppose -3*l - 3*y + 642 = g, -l + y - 1086 = -6*l. What is the tens digit of l?
1
Let c = 63 + -60. Suppose m = -3*m + 2*o + 1124, -m + o = -282. Suppose m = c*f - f. What is the units digit of f?
0
Suppose 3*m = 4*w - 756, -4*m - 707 = 4*w + 329. Let n = m - -430. Suppose u + n = 7*u. What is the units digit of u?
9
Let q(s) = 81*s**2 + 720*s - 11321. What is the ten thousands digit of q(16)?
2
Let c(s) = -6244*s + 456. What is the units digit of c(-4)?
2
Let s be 5/(20*3/24). Suppose 2088 = s*o - d, -4*d = -3*d. What is the thousands digit of o?
1
Suppose -30*q + 0*q + 571380 = 0. What is the thousands digit of q?
9
Let h = 2019 + 1784. What is the thousands digit of h?
3
Suppose 21*s - 3*b = 20*s + 5470, -5*b = s - 5454. What is the thousands digit of s?
5
Let a be 5 - 1 - (41 - 35). Let u(q) = 72*q**2 + 3*q + 4. What is the units digit of u(a)?
6
What is the thousands digit of 280934/(14 + 5) + 5?
4
Suppose 5*h + 99 = -1. What is the units digit of ((-6096)/h)/6*5?
4
Suppose -14*k + 545664 = 35*k. What is the hundreds digit of k?
1
Suppose -14 + 50 = 6*j. Let c be 2*(-3)/j - -13. What is the units digit of (6/(-10))/(c/(-180))?
9
Suppose 1513 = -l - g, 6*g + 4541 = -3*l + 5*g. Let w = -747 - l. What is the hundreds digit of w?
7
Let g(x) = 128*x**2 - 33*x - 61. What is the units digit of g(-7)?
2
Suppose 57969 = 4*k - 5*h - 111947, 0 = -k - 3*h + 42479. What is the thousands digit of k?
2
Let p(r) = 6*r**3 + 2*r**2 - 1. Let d be p(-1). What is the hundreds digit of 208 - (-3)/((-9)/30*d)?
2
Suppose -62*o + 1167742 = -430213 - 1333963. What is the thousands digit of o?
7
What is the thousands digit of ((-19352)/12)/(370/(-30) + 12)?
4
Let f = 2 - -72. Let w = f + -69. Suppose w*t + 45 - 410 = 0. What is the tens digit of t?
7
Let v(i) be the first derivative of i**4/4 - 2*i**3 + 9*i**2/2 - 14*i - 38. Let y be v(5). Suppose 0 = -y*d + 172 - 10. What is the units digit of d?
7
Let m = 716 - -13901. What is the hundreds digit of m?
6
Suppose -28*x - 56731 = -382147. What is the tens digit of x?
2
Suppose u + 1876 = 3*u. Let f = u + -553. What is the tens digit of f?
8
Let g be 3/((5/(-155))/(-1)). Suppose g - 243 = -5*s. Let i = s - -43. What is the tens digit of i?
7
Let c = 90 + -96. Let o be (c/(-12))/(1/6). What is the tens digit of 36 - (o/(-1) + -2)?
4
Let i be (-1)/(((-2)/(-288))/(-1)) - 4. Let o be i/14 + -2 + -2. What is the tens digit of ((-6)/1)/(o/(-285))?
8
Let m(z) = -z**3 + 17*z**2 + 16*z + 39. Let u be m(18). Suppose -671 = -3*j - 8*b + u*b, 5*j + 5*b - 1115 = 0. What is the hundreds digit of j?
2
Suppose 4*j = 16, 4*r = -0*r - j + 6744. Let c = r + -1102. What is the units digit of c?
3
Let w(s) = 118*s**2 - 325*s + 4. What is the units digit of w(11)?
7
What is the units digit of (-2403822)/(-322) + 9/((-63)/2)?
5
Let q(t) = -t**3 - 4*t**2 + 15*t - 136. What is the tens digit of q(-21)?
4
Let d be (41 - 3)*(-2)/(-4). Let w = d + -16. Suppose 5*b - 102 = w*b. What is the units digit of b?
1
Let w(t) = 6*t**2 + 5*t + 5. Let x be w(-5). Suppose 4*f + x = -2*l, -76 + 21 = f + 5*l. What is the units digit of (-1998)/f + (-4)/(-10)?
7
Let o(q) = 5*q**3 - q**2 + q + 1. Let y be o(-1). Let n be (1 - 22*-13) + y + 4. Let h = n - 88. What is the tens digit of h?
9
Let q(g) = -g**3 + 14*g**2 - 17*g - 4. Let h be q(12). Suppose -m + 58 = -75. Suppose -3*n + m = -h. What is the units digit of n?
1
Suppose -19*y - 94875 = -569020. What is the thousands digit of y?
4
Suppose -829 = -20*x + 211. Let p = 41 + x. What is the tens digit of p?
9
Let a = 1273 - 1271. Let v(g) = -21*g - 10. Let i be v(-7). Suppose 0 = f - 2*f + 2*p + 56, -p + i = a*f. What is the tens digit of f?
6
What is the ten thousands digit of 8/(-20)*2908755/(-54)*3?
6
Let q be (60/(-35))/(-4) + 50/14. Let u be ((-380)/14 + q/28)*1. Let l = 60 + u. What is the tens digit of l?
3
Let s = -312 + 312. Suppose 0 = 4*f - k - 57, s = -2*f + k - 5*k + 42. What is the tens digit of f?
1
Suppose 0 = -17*c + 20*c + 3. What is the tens digit of ((-2)/6 - c)*(519 - -6)?
5
Let z(j) = -j - 15. Let s be z(0). Let c(d) = d**3 + 16*d**2 + 11*d + 12. Let k be c(s). What is the tens digit of 3294/k + 2/8?
4
Suppose 11915 + 2330 = 11*s. What is the tens digit of s?
9
Suppose 62*x + 233473 = 1252443. What is the units digit of x?
5
Let x = 51 - 48. Suppose x*c - 122 = -5*o + 4*c, 4*c = -8. What is the hundreds digit of 3008/o - (-2)/3?
1
Let x(j) = -4*j**3 + 220*j**2 + 68*j + 31. What is the tens digit of x(55)?
7
Let u = 40592 - 24387. What is the thousands digit of u?
6
Let f(q) = q**2 + 5*q - 5. Let v be f(2). What is the units digit of 1000/3 + 4*v/(-108)?
3
Suppose -2*f - 3*j + 3340 + 24843 = 0, 5*j = -25. What is the units digit of f?
9
Let g be -3*(4 + (-184)/(-12)). Let k = g + 83. Let v = k + -19. What is the units digit of v?
6
Suppose 4*v + 3*y - 2262 = 838, -4*y + 3096 = 4*v. Suppose 4*b - u - v = 2*b, -b = 4*u - 407. What is the tens digit of b?
9
Let c = -18 + 22. Suppose c*s = 5*q + 53, -s - 3*q = -3 - 6. Let a(j) = 14*j - 40. What is the hundreds digit of a(s)?
1
Suppose -4*y + 5*b + 18700 = 0, 2*b - 1235 = -y + 3427. What is the units digit of y?
0
Let x(c) = 4*c**3 + 4*c**2 - 17*c + 50. Let l be x(5). Let d = l - 296. What is the hundreds digit of d?
2
Let v(z) = -140*z + 819. What is the ten thousands digit of v(-80)?
1
Let b = 70025 + -48175. What is the ten thousands digit of b?
2
Let f be 1198 + -5 - ((-12)/4 + -2). Suppose 2*a + f = 11*m - 10*m, 3*m = -a + 3573. What is the units digit of m?
2
Let s be (-54804)/(-36) + (-4)/(-12)*-1. Let d = -839 + s. What is the tens digit of d?
8
Let a(z) = z**2 + 7*z + 7. Let b be a(-4). What is the tens digit of (2388/8)/(b/(-10))?
9
Suppose -a = -2*j + 16, 58 = -2*a - 2*a + 5*j. Let v(h) = -1 + 4 + 8 - 4 + h**2 + 2. What is the hundreds digit of v(a)?
1
Let n be 116/1 + 40/(-10). Suppose 25 = 2*z - 5*c, 8 + 6 = z - 3*c. What is the units digit of n/z*(10 + -5)?
2
Suppose 49*h - j = 48*h + 20838, -4*h = -2*j - 83340. What is the tens digit of h?
3
Suppose 20 = -4*d, 46*a - 44*a = -5*d + 38801. What is the thousands digit of a?
9
What is the thousands digit of (7800282/2170)/((18/(-20))/(-3))?
1
Let o(n) = -24*n**2 - 6*n. Let q be o(3). Let g = -18 - -27. What is the units digit of 2 - 3 - q/g?
5
Let r(t) = -t**2 + t. Let l(q) be the third derivative of -q**5/20 - q**4/4 + 2*q**3 + 19*q**2. Let x(m) = -l(m) - 3*r(m). What is the hundreds digit of x(-5)?
1
Suppose 13*z = 9*z + 240. Let y = -56 + z. Suppose -w + y*r + 59 = 0, 2*r = -w + 32 - 3. What is the tens digit of w?
3
Suppose 0 = -4*h - 3*h + 2156. Suppose 0 = -8*o + 1460 + h. What is the tens digit of o?
2
Suppose -36 = 5*y - 81. Let x be (y